 factors of c(s).
2, 3
Let i = 0 - -23. What are the prime factors of i?
23
Let l = 15 + -13. Suppose -l*j + 28 = -0*j. What are the prime factors of j?
2, 7
Let c(v) = -v + 12. Suppose 0 = -6*a + a. List the prime factors of c(a).
2, 3
Let x(h) be the second derivative of h**7/2520 + h**6/360 - h**5/15 + h**4/3 + 3*h. Let g(i) be the third derivative of x(i). List the prime factors of g(-6).
2
Let y(j) = -2*j - 6. Let k be y(-5). Suppose 0 = -8*n + k*n + 8, 0 = 2*c - 2*n + 6. What are the prime factors of 6/(-5)*(-9 + c)?
2, 3
Suppose 2*r - m + 21 = 0, 6 + 3 = 3*m. Let k = r - -20. List the prime factors of k.
11
Let z = -11 - -11. Suppose -k + 32 = 2*j - 6*j, -5*j - 15 = z. List the prime factors of k.
2, 5
Suppose a = 2*a + 3. Let m = 1 - a. What are the prime factors of m - -3 - (-4)/2?
3
Let n(m) = m**3 + 5*m**2 + m + 7. Suppose -3*p = -4*y + 35, 2*p + 20 = 3*y - y. Let t be n(p). Suppose i = -t*i + 42. What are the prime factors of i?
2, 7
Suppose 3*p - 27 = 4*p. Let r = -12 - p. What are the prime factors of r?
3, 5
Let p = 2 - 2. Let c(q) = -q**3 - q**2 + q + 9. List the prime factors of c(p).
3
Let c(w) = 2*w**3 - 3*w**2 + 3*w - 1. Let l be c(2). Suppose 4*x - 29 = -l. List the prime factors of x.
5
Let k = 3 - 6. What are the prime factors of (-369)/(-15) - k/(-5)?
2, 3
Let x be 65/2 - 3/6. Let j be (-4)/6 - x/(-3). Let v = 12 - j. List the prime factors of v.
2
Let w = 26 + -15. Let u = -5 + w. Suppose 5*k = u + 34. What are the prime factors of k?
2
Let n = 209 - 110. List the prime factors of n.
3, 11
Let q(y) be the third derivative of y**4/6 + y**3/6 + 2*y**2. Suppose -l = 2*s - 2, 4*l + 0*l - 8 = -5*s. What are the prime factors of q(l)?
3
Suppose -5*l = -l - 44. What are the prime factors of l?
11
Let j(l) = -l**3 - 5*l**2 - 7*l - 5. Suppose -4*n + t - 4 = 4*t, -3*n - 28 = -4*t. List the prime factors of j(n).
7
Suppose w = -2*w + u + 78, -u = 3*w - 84. What are the prime factors of w?
3
Let i be 5/(-20) + (-1)/(-4). Suppose i = 5*w - 4*w - 4. Suppose 5*y - w*u - 15 = 0, -2*u + 0*u = y - 3. What are the prime factors of y?
3
Let y(o) = -3*o + 2. Suppose 12 = -a - s + 3, 5 = -s. List the prime factors of y(a).
2, 7
Let m be 32 - -2*3/(-2). Suppose -3*y - m = -4*y. What are the prime factors of y?
29
Let m(v) be the third derivative of v**6/120 - v**5/15 - v**4/24 - 2*v**3/3 - v**2. Let w be m(5). Let b = w + -6. What are the prime factors of b?
2, 5
Let a(f) = f**3 + 2*f**2 - f - 1. Let m = -3 - -1. Let v be a(m). What are the prime factors of -1 + 2 - (-2 + v)?
2
Suppose 0 = -0*h - h. Suppose i - 5*c - 19 = -h*c, i - 19 = -c. List the prime factors of i.
19
Suppose 0 = 5*k + u - 4*u - 199, u = -4*k + 166. List the prime factors of k.
41
Let a be (-3)/(-2)*6/3. Suppose a*l = 4*l - s - 10, 2*s = 8. List the prime factors of l.
2, 7
Let a = 22 - -15. List the prime factors of a.
37
Suppose 0 = m + i - 4, 7*m - 4*m + i = 10. Suppose -7*y + m*y = -96. What are the prime factors of y?
2, 3
Let i(y) = -y**3 - 8*y**2 - 8*y - 7. Let c be i(-7). List the prime factors of -3 + c + 19 - 2.
2, 7
Let x = 63 - 47. List the prime factors of x.
2
Suppose -2*v = -4*h + 26, 3*v + h + h + 7 = 0. What are the prime factors of ((-4)/v)/((-1)/(-25))?
2, 5
Suppose -9*m = -713 - 1537. What are the prime factors of m?
2, 5
Suppose 4*k - 47 = -5*h, 4*h = 2*k - 0*k + 22. Suppose 3*j = -12, -h = 4*m + 4*j - 3. What are the prime factors of m?
3
Let z be 12 + 5/(15/(-6)). Suppose 3*y - 4*k + z - 68 = 0, -3*y + k + 64 = 0. Let h = y + -16. What are the prime factors of h?
2, 3
Let i be (2 - (11 - 2)) + 2. What are the prime factors of 106/10 - 2/i?
11
Suppose 8*a - 5*a = 474. Suppose 4*g = -3*b + 15 + a, 3*b + 5*g = 178. What are the prime factors of b?
3, 17
Let y(a) = 19*a**2 + a. What are the prime factors of y(2)?
2, 3, 13
Suppose 5*p - 84 + 29 = 0. Let j(i) = p*i**2 - 2*i - 1 + 0 + 2. List the prime factors of j(1).
2, 5
Let b(x) = -1 + 2*x - 3 + 18*x**2 + 3. Let c be b(1). Let y = c + -8. What are the prime factors of y?
11
Let k(s) = 10*s**2 + 15*s + 5. List the prime factors of k(-5).
2, 3, 5
Suppose -4*h + t = -h + 41, -h + 5*t = -5. Let x be -10*h/12*2. Let d = x - 18. What are the prime factors of d?
7
Let d(y) be the second derivative of -y**5/10 - y**4/4 - 2*y**3/3 - y**2 - 2*y. What are the prime factors of d(-2)?
2, 5
Let b = 19 - 3. What are the prime factors of b?
2
Let x be (5 + -2)/(6/16). What are the prime factors of 18/x*(-240)/(-18)?
2, 3, 5
What are the prime factors of 6/10 + (-762)/(-30)?
2, 13
Let j = -266 + 610. What are the prime factors of j?
2, 43
Let z(h) = h**3 + 6*h**2 + 4*h - 2. Let p be z(-5). Suppose -2*l + 4*w - 17 = l, -3*w = -2*l - 13. Let s = p - l. List the prime factors of s.
2
Let u = 6 + -18. Let v be ((-3)/(-2))/((-2)/u). Let y(s) = -s**2 + 9*s + 7. What are the prime factors of y(v)?
7
Suppose -k + 17 = -2*k. What are the prime factors of (k/(-3))/(2/6)?
17
Let v = -6 + 9. Suppose 3*u + v*i = 0, 0 = u + 5*i - 2*i + 8. List the prime factors of u.
2
Suppose -22 = -2*x + 4*u - 6, -2*x + 2*u + 12 = 0. Let q = 6 - x. Suppose -8 = -k + 5*c - 3, -q*k + 10 = 2*c. List the prime factors of k.
5
Let z(g) = 2*g**3 - 2*g**2 - g - 2. Let j be z(3). Let k = 2 + j. List the prime factors of k.
3, 11
Suppose 0 = -k + 3*a + 38, -4*k + 176 = -0*k - 4*a. What are the prime factors of k?
47
Let c be ((-1)/3)/(4/(-48)). Suppose c*f = 2*f + 14. List the prime factors of f.
7
Let j(k) = 9*k**2 - 2*k + 6. List the prime factors of j(-4).
2, 79
List the prime factors of (-14)/(-1) - (-12)/(-4).
11
Suppose 14 = 4*s - 6*s. Let d = 10 - s. What are the prime factors of d?
17
Let y be (5 + 1)/(2 - 0). What are the prime factors of y + (-3 - (-9 - 2))?
11
Suppose -g = 4*g - 30. Suppose -c - 3*v = -6*v - 11, -4*v = -4. Let h = c - g. List the prime factors of h.
2
Let m(j) = 2*j + 4. Suppose -3*h - 11 = -2*u, 4*h = 4*u - 0*u - 16. Let r be m(h). List the prime factors of 13 + r + 12/(-6).
3
List the prime factors of (2 + -1)*15/1.
3, 5
Let b = -50 + 82. Let h be (-2)/3 + (-112)/(-6). Suppose 2*c - 3*p - h = c, b = 3*c + 2*p. What are the prime factors of c?
2, 3
Suppose 4*q - 55 = u, 2*u + 30 = q + 5*u. What are the prime factors of q?
3, 5
Suppose 2 - 8 = -3*q. Suppose t - 2*p = -6*p + 34, 0 = q*p - 8. List the prime factors of t.
2, 3
Let w(n) = n**2 - 2*n - 1. What are the prime factors of w(7)?
2, 17
Suppose -22 = -2*t + 3*r, -2*t - 2*r + 7*r = -26. Let a = t + -6. List the prime factors of a.
2
Let b be (1 + 39/(-9))*3. Let r be 5/25 + 62/b. Let m = 8 + r. What are the prime factors of m?
2
Let q(t) = t**2 - 2*t + 8. Let h be q(7). Suppose 3*k - 2*k - h = -4*y, -y = -5*k - 16. What are the prime factors of y?
11
Let w(v) = v**3 - 12*v**2 + 17*v + 18. List the prime factors of w(13).
2, 3, 17
What are the prime factors of 3/(2/(20/6))?
5
List the prime factors of (-2)/(-1) + -2 - -34.
2, 17
Let k = 5 - 5. Suppose 162 = 3*m - k*m. Suppose 3*l = 5*t - 2*t + m, -12 = -l - t. List the prime factors of l.
3, 5
Let r = -7 + 1. Let g be r/(-9)*3 + 2. Let o = 11 - g. List the prime factors of o.
7
What are the prime factors of (-2)/(-3) - 82/(-3)?
2, 7
Let g be 43 - (-1 + -1 - 0). Suppose -5*t - g = -5*l, -3*l + 2*l + 3*t + 11 = 0. What are the prime factors of l?
2
Let v(n) = 2*n**2 - 7*n + 4. Let y be v(5). What are the prime factors of 2 + (y + -1 - 1)?
19
Suppose -187 = 3*m - x, 3*m - 2*m = 2*x - 54. List the prime factors of ((m/2)/2)/(-1).
2
Let r(n) = -11*n**3 - 2*n - 1. Let o(v) = v**3 + 9*v**2 - v - 10. Let s be o(-9). List the prime factors of r(s).
2, 3
Let i = 0 + 2. Suppose d + 0*d = i*v + 11, 0 = 5*d + 2*v - 7. Suppose x = -4*w - w + 28, -12 = -d*x + 3*w. List the prime factors of x.
2
Let x(a) = 2*a - 4*a - 10 - a. What are the prime factors of x(-5)?
5
Let u(g) = -g + 13. What are the prime factors of u(11)?
2
Suppose -26 = -3*j + 19. Let t = -9 + j. List the prime factors of t.
2, 3
Let a = -29 + 19. Let s = 14 + a. Suppose 0 = 2*j - s*j + 10. List the prime factors of j.
5
Let x = 8 + -3. Suppose 4*t - 98 = -2*z, -4*z = -z - x*t - 103. Suppose 4*f = -2*m + 58, 3*f + m - z = -0*f. What are the prime factors of f?
2, 3
Suppose 0*x + 5 = 5*x. Let k be x/3 + (-166)/(-6). Suppose -3*y - 2*y + 3*w + k = 0, 0 = 2*y - 3*w - 4. Li